
Let m(t) = -30470*t**3 - 5*t**2 - 4*t - 2. Is m(-1) composite?
False
Let m(k) = -k**3 - 6*k**2 - 3*k + 7. Let b be m(-5). Is (1/b)/(4/(-13812)) a composite number?
False
Suppose -15 = -3*q + 3*b + 2*b, q = 2*b + 5. Let l(v) = 12*v**3 - 5*v**2 + 7*v - 8. Is l(q) a prime number?
False
Suppose 4*a + 3*k + 0*k + 46 = 0, -3*a - 4*k = 31. Let t = 11 + a. Is (-2 + 2 - 174)/t prime?
False
Suppose -8*j + 214188 = -120844. Is j a prime number?
True
Let l(x) = -3*x**2 - 3*x - 2. Let o be l(-2). Let a(d) be the second derivative of -3*d**3/2 + 15*d**2/2 - 200*d. Is a(o) prime?
False
Let a = 1 - 4. Let o = 116 + a. Is o a prime number?
True
Is (-92350)/(-10)*2/10 prime?
True
Let c(i) = 102*i**2 - 8*i - 29. Is c(-8) a prime number?
True
Suppose -4*v = -40871 - 1037. Is v prime?
True
Let u = 3549 - -24044. Is u composite?
True
Is 179522/14 - (5 + -11) prime?
True
Let a(i) = 19*i**2 + 5*i + 5. Suppose 8*d = 2*r + 3*d + 8, 2*r - 3*d = 0. Is a(r) a composite number?
False
Let q(c) = 20*c - 19*c - 39*c**3 + 0*c. Let g be (1/2)/(2/(-4)). Is q(g) prime?
False
Let t(c) = -335*c + 53. Let u(x) = 167*x - 27. Let i(b) = -2*t(b) - 5*u(b). Is i(-26) a prime number?
False
Is (-1 + -4)*(-511847)/35 a composite number?
False
Let y = -6537 - -11090. Is y a composite number?
True
Let v(t) = t**2 - 3*t - 4. Let i be v(4). Suppose i = 105*n - 100*n - 5485. Is n a composite number?
False
Suppose -b + 414 = 3*b + 2*i, 3*i - 306 = -3*b. Suppose -z = y - 108, b = -2*z + 4*y + 339. Is z prime?
False
Suppose -25190 = 10*b - 8120. Let c = 3464 + b. Is c composite?
True
Let b = 21516 + -13459. Is b composite?
True
Suppose 3*c - 36 = -2*i, 0 = -3*c - 2*c. Suppose 2*n = -2*k + 12, 0*k - 3*k + 2*n - 2 = 0. Suppose 5*p + 5*y = 130, -p + i = y - k*y. Is p a composite number?
True
Let p = -32371 + 66050. Is p a composite number?
False
Suppose -o + 19 = 4*p, -3*p - 3*o + 13 = -8. Is ((-1)/p)/(((-6)/(-1256))/(-3)) composite?
False
Let o(d) = 51*d**2 + 5*d + 49. Is o(15) a composite number?
True
Suppose 2*p - p = 3*g + 11, 2 = -g + 2*p. Let v(r) be the third derivative of -7*r**6/120 - r**5/60 - r**4/24 - 5*r**3/6 - 32*r**2 - 1. Is v(g) a prime number?
True
Suppose 17333 + 18385 = 6*b. Is b composite?
False
Let q(a) = 47*a - 24. Is q(25) composite?
False
Is -7 + (-26)/(-4) + 17635/2 composite?
True
Let d be (-5)/(-10) + -42*(-1097)/4. Suppose 3*s = -3*a + 6*s + 17256, 0 = -2*a + 5*s + d. Is a composite?
True
Suppose -5*o = -2*t - 16763, 5 - 1 = 4*t. Is o a composite number?
True
Let c = -307 + 637. Let y be 1 + 0/1 + 5. Suppose 0*x + c = y*x. Is x composite?
True
Let a(x) = x - 2. Let z be a(5). Let s(f) = -f**z - f + 0*f**2 - 12*f + 1 + 12*f**2. Is s(9) a prime number?
True
Suppose -12 = -3*d - 3. Suppose 5*x - 4*z = 400, x + d*z - 56 = -z. Suppose 2*v = -w + 54, 2*v = -v + w + x. Is v composite?
True
Let z = -11 + 135. Suppose 0 = n + n - z. Is n a composite number?
True
Let j(k) = 6*k**3 - k**2 + 2*k + 4. Let s be j(3). Suppose 0 = -4*o + 20, 4*l - 5*o - 313 = -10*o. Let q = s - l. Is q a composite number?
True
Suppose -80*v - 672590 = -1852030. Is v a composite number?
True
Let z = 7 + -3. Suppose -4*g = 2*m - 1526, m + z*m - 5*g - 3740 = 0. Is m prime?
False
Suppose 5*y + 586 = 6*y - v, 3*v = -2*y + 1177. Is y prime?
True
Suppose 4*i - i = 15. Let p(b) be the second derivative of b**4/6 - b**3 - 5*b**2/2 + 4*b. Is p(i) a composite number?
True
Suppose -2*h + i - 5*i + 13400 = 0, 3*h = 3*i + 20073. Let j = h + -4583. Is j composite?
False
Is 77734/4*((-70)/7 - -12) composite?
False
Let z(v) be the second derivative of v**4/12 - v**3 - 5*v. Let j be z(6). Is 12 + (j - 3 - -5) prime?
False
Suppose v = -2*m - 7, -3*v - 2*v = m - 10. Let i be (-110)/10 + v + 0. Let z = i + 63. Is z prime?
False
Suppose t + 16401 = 2*s, 3*s - 8218 = 2*s - 3*t. Is s composite?
True
Suppose -4*c + 2*w + 12 = -0, -5*c + 21 = -w. Suppose -r + 23 = c*b, 2*b - 23 = -3*r - 2*r. Is 10/20 + 1146/b a composite number?
True
Let b be -4 + (3/(-3) - 19). Let a = 29 + b. Suppose -a*q + 379 = -516. Is q a prime number?
True
Suppose 0 = -3*s - 7*s + 174430. Is s prime?
True
Is (-12 - 3074)*(-2)/4 prime?
True
Suppose 0 = 3*b - 5*s - 69727, 3*b + 11339 - 81052 = -2*s. Is b a prime number?
False
Suppose -2*v + 4 = 0, 0*v - v = -4*q - 42. Let y = 10 + q. Suppose -3*k + 4*k - 2*h - 425 = y, 2*h = 4*k - 1718. Is k a composite number?
False
Suppose -2*p = 2*j + 2, -j = 4*j - 3*p - 27. Suppose j*u + 270 = x + 6*u, 0 = -5*x - 3*u + 1338. Is x a prime number?
False
Let r be 60/80 - (-14)/(-8). Let g = 4 + r. Suppose s + i = -4*s + 1048, 4*s - 827 = g*i. Is s composite?
True
Let l = 61 + -57. Suppose -v + l*d + 781 = 0, 4*v - 6*d + d - 3168 = 0. Is v a composite number?
False
Let b be 503/(-4) + 9/12. Let d = -196 - b. Let w = -34 - d. Is w composite?
False
Let j = 48 - 43. Is 1526/12 - j/(-90)*-3 a composite number?
False
Suppose -32 = g + 3. Is 879*(g/(-15) + -2) a prime number?
True
Suppose b + b = -86. Let i be (7 - 12/4) + 70. Let k = b + i. Is k composite?
False
Let c be -4*(-3 - 1886/8). Suppose 4*j - j - 573 = -4*a, 5*j = -3*a + c. Is j prime?
True
Suppose -x - x = 24. Is x/12*(-1 + -10) prime?
True
Let a(m) = -m**3 - 15*m**2 + 3*m - 12. Let q be a(-16). Let k be 183/(-2)*q/(-21). Suppose 4*l - k = -0*h - 5*h, h = 5*l - 1053. Is l a composite number?
False
Let m(n) = 11*n**2 - 4*n + 4. Let v = 13 - 8. Suppose 5*q - v = 4*q. Is m(q) composite?
True
Let w = -77 + 91. Is 2157 - ((-12)/w)/((-6)/28) composite?
False
Is ((-1)/(-2))/((-4)/(-116888)) prime?
False
Is (0 - -10)*586/4 composite?
True
Let m(x) = x + 1. Let z be m(-4). Let d = -5 + z. Is (-1114)/(-8) - (-2)/d a composite number?
False
Let w = -30476 + 50737. Is w prime?
True
Let j(m) = -85*m + 31. Is j(-16) prime?
False
Let l = 2716 - -1695. Is l composite?
True
Suppose -3*z - 6 - 1201 = g, 5*g - 2*z = -6052. Is (g + 3)*(-5 + 4) composite?
True
Let l = 4809 + -1882. Is l a composite number?
False
Let m(s) = 2*s + 6. Let t be m(-4). Let r be t/(-10) + 1220/25. Suppose -4*h - 2*b = -h - r, -56 = -4*h - 5*b. Is h a composite number?
False
Suppose 4*n - 5*w = -1067, -2*w = 2*n + n + 829. Let t = n + 89. Let i = -125 - t. Is i composite?
False
Let z(h) = h + 18. Let l be z(-14). Suppose -3*g + 1158 = 4*o, l*o - 879 = o + 3*g. Is o composite?
True
Let f(t) be the first derivative of 34*t**3/3 - 15*t**2/2 - 22*t - 24. Is f(-9) a prime number?
False
Suppose -5*w - v + 134 = 0, 18 = w - 2*v - 0*v. Let l(r) = 39*r + 0 + w*r + 4 - 2. Is l(9) a prime number?
True
Let c(v) = -9*v + 45. Let r be c(-9). Let q = 305 - r. Is q prime?
True
Let l = 1147 + -576. Is l composite?
False
Let l(g) = -8*g**3 - 2*g**2 + 9*g + 8. Suppose -5*p = -5*d + 30, -p + 0*d + 2*d = 7. Is l(p) a prime number?
False
Suppose -2*v - 4*s = -10, -3*v + 16 = 2*v + s. Suppose -v*a - a = -16. Suppose a*f = 8*f - 536. Is f composite?
True
Suppose -3*x - 4771 = -5*o, 4*o = 8*o + 4*x - 3804. Is o a prime number?
True
Let j be 4920/27 - (-8)/(-36). Suppose 3*d - 530 = 2*w, d - 2*w + j = 2*d. Is d a composite number?
True
Suppose 4*j - 2777 = i + 10215, -6490 = -2*j - i. Is j a composite number?
True
Suppose 3*u + d = 57864, 2*u - 3*d = -0*d + 38587. Is u a composite number?
False
Suppose -5*r + 3*r = 0. Suppose -896 = -4*n - 4*q, 5*q = n - r*n - 242. Suppose -2*y = -n - 35. Is y prime?
True
Let a(w) = -2053*w - 532. Is a(-5) prime?
True
Let t = -32913 + 57160. Is t a prime number?
True
Let h = -14 - -16. Suppose 0 = -2*n - h*w + 358, -3*n + w + 3*w + 565 = 0. Let p = n - -146. Is p composite?
True
Suppose 2*i - 7*i = 5*j - 10, 5*j = -2*i + 4. Suppose j = 3*v + 4*l - l - 807, -281 = -v - 4*l. Is v composite?
True
Let r(z) = 2255*z + 15. Let f be r(-5). Is 1/((-18)/(-12) + 16886/f) a composite number?
True
Let j(l) = 7*l**2 + 5*l - 1. Suppose -b + 4 = -2*b. Is j(b) composite?
True
Suppose -5*n = 4*x - 198883, -4*n + 8*n + 4*x - 159104 = 0. Is n a prime number?
True
Suppose -3*c = 2*c - 30. Is (4/c)/((-10)/(-24825)) composite?
True
Suppose 70496 + 21001 = 3*z. Is z a prime number?
False
Let d(x) = -3*x - 10. Let y be d(-4). Suppose 3*p + 627 = 4*b - 1560, -1091 = -y*b + p. Is b composite?
True
Suppose 0 = -4*v - j + 76125, -81440 + 5320 = -4*v + 4*j. Is v prime?
True
Let v(p) = 27*p + 6. Let s be v(-5). Let b(l) = 19*l**3 